{"id":49,"date":"2021-04-19T20:24:32","date_gmt":"2021-04-19T20:24:32","guid":{"rendered":"https:\/\/showerscreens.net\/?page_id=49"},"modified":"2021-04-19T20:24:32","modified_gmt":"2021-04-19T20:24:32","slug":"misyon","status":"publish","type":"page","link":"https:\/\/showerscreens.net\/index.php\/misyon\/","title":{"rendered":"M\u0130SYON"},"content":{"rendered":"\n<p>Shower Screens kendi b\u00fcnyesinde yeti\u015fmi\u015f kalifiye elemanlar\u0131 ile g\u00fcler y\u00fczl\u00fc hizmetin yan\u0131 s\u0131ra <strong>KKTC <\/strong>pazar\u0131na da katk\u0131 sa\u011flamay\u0131 hedeflemek tedir.<\/p>\n","protected":false},"excerpt":{"rendered":"<p>Shower Screens kendi b\u00fcnyesinde yeti\u015fmi\u015f kalifiye elemanlar\u0131 ile g\u00fcler y\u00fczl\u00fc hizmetin yan\u0131 s\u0131ra KKTC pazar\u0131na da katk\u0131 sa\u011flamay\u0131 hedeflemek tedir.<\/p>\n","protected":false},"author":1,"featured_media":0,"parent":0,"menu_order":0,"comment_status":"closed","ping_status":"closed","template":"","meta":{"footnotes":""},"class_list":["post-49","page","type-page","status-publish","hentry"],"_links":{"self":[{"href":"https:\/\/showerscreens.net\/index.php\/wp-json\/wp\/v2\/pages\/49","targetHints":{"allow":["GET"]}}],"collection":[{"href":"https:\/\/showerscreens.net\/index.php\/wp-json\/wp\/v2\/pages"}],"about":[{"href":"https:\/\/showerscreens.net\/index.php\/wp-json\/wp\/v2\/types\/page"}],"author":[{"embeddable":true,"href":"https:\/\/showerscreens.net\/index.php\/wp-json\/wp\/v2\/users\/1"}],"replies":[{"embeddable":true,"href":"https:\/\/showerscreens.net\/index.php\/wp-json\/wp\/v2\/comments?post=49"}],"version-history":[{"count":1,"href":"https:\/\/showerscreens.net\/index.php\/wp-json\/wp\/v2\/pages\/49\/revisions"}],"predecessor-version":[{"id":50,"href":"https:\/\/showerscreens.net\/index.php\/wp-json\/wp\/v2\/pages\/49\/revisions\/50"}],"wp:attachment":[{"href":"https:\/\/showerscreens.net\/index.php\/wp-json\/wp\/v2\/media?parent=49"}],"curies":[{"name":"wp","href":"https:\/\/api.w.org\/{rel}","templated":true}]}}