{"id":51,"date":"2021-04-19T20:25:11","date_gmt":"2021-04-19T20:25:11","guid":{"rendered":"https:\/\/showerscreens.net\/?page_id=51"},"modified":"2021-04-19T20:25:11","modified_gmt":"2021-04-19T20:25:11","slug":"vizyon","status":"publish","type":"page","link":"https:\/\/showerscreens.net\/index.php\/vizyon\/","title":{"rendered":"V\u0130ZYON"},"content":{"rendered":"\n<p><br>De\u011fi\u015fime a\u00e7\u0131k olan,m\u00fc\u015fterilerimizin iste\u011fi do\u011frultusunda,estetik g\u00f6r\u00fcn\u00fcm ve i\u015flevselli\u011fin birbirinden ayr\u0131lmaz fakt\u00f6rler oldu\u011funun bilincinde ve farkl\u0131 zevklere y\u00f6nelik du\u015f,<strong>du\u015fakabin<\/strong>,banyo vb \u00fcr\u00fcnlerimizle t\u00fcketicilere iyi hizmet sunmak\u2026<\/p>\n","protected":false},"excerpt":{"rendered":"<p>De\u011fi\u015fime a\u00e7\u0131k olan,m\u00fc\u015fterilerimizin iste\u011fi do\u011frultusunda,estetik g\u00f6r\u00fcn\u00fcm ve i\u015flevselli\u011fin birbirinden ayr\u0131lmaz fakt\u00f6rler oldu\u011funun bilincinde ve farkl\u0131 zevklere y\u00f6nelik du\u015f,du\u015fakabin,banyo vb \u00fcr\u00fcnlerimizle t\u00fcketicilere iyi hizmet sunmak\u2026<\/p>\n","protected":false},"author":1,"featured_media":0,"parent":0,"menu_order":0,"comment_status":"closed","ping_status":"closed","template":"","meta":{"footnotes":""},"class_list":["post-51","page","type-page","status-publish","hentry"],"_links":{"self":[{"href":"https:\/\/showerscreens.net\/index.php\/wp-json\/wp\/v2\/pages\/51","targetHints":{"allow":["GET"]}}],"collection":[{"href":"https:\/\/showerscreens.net\/index.php\/wp-json\/wp\/v2\/pages"}],"about":[{"href":"https:\/\/showerscreens.net\/index.php\/wp-json\/wp\/v2\/types\/page"}],"author":[{"embeddable":true,"href":"https:\/\/showerscreens.net\/index.php\/wp-json\/wp\/v2\/users\/1"}],"replies":[{"embeddable":true,"href":"https:\/\/showerscreens.net\/index.php\/wp-json\/wp\/v2\/comments?post=51"}],"version-history":[{"count":1,"href":"https:\/\/showerscreens.net\/index.php\/wp-json\/wp\/v2\/pages\/51\/revisions"}],"predecessor-version":[{"id":52,"href":"https:\/\/showerscreens.net\/index.php\/wp-json\/wp\/v2\/pages\/51\/revisions\/52"}],"wp:attachment":[{"href":"https:\/\/showerscreens.net\/index.php\/wp-json\/wp\/v2\/media?parent=51"}],"curies":[{"name":"wp","href":"https:\/\/api.w.org\/{rel}","templated":true}]}}